 -5*z - 15. Let l = -19 - p. What are the prime factors of l?
2, 19
Suppose 2*m = 519 - 127. List the prime factors of m.
2, 7
Suppose y - 2*y = -22. Let w(v) = -v**3 + 7*v**2 - 5*v - 1. Let o be w(6). Suppose -o*k + y = -23. What are the prime factors of k?
3
Let d(k) = 1 - 3 - 2*k + 3*k**2 - 6. List the prime factors of d(-4).
2, 3
Suppose 4 = -s + 6. Let y be s/10 - 99/(-5). Suppose 3*h - 3 = 0, 5*i - 45 = -5*h + y. What are the prime factors of i?
2, 3
Let u(o) = o + 30. What are the prime factors of u(-22)?
2
Suppose j + 0*j - 4 = 0. List the prime factors of j.
2
Let k be 1*(3 - (-109 + -3)). Suppose 0*c - 5*h = 5*c - k, -5*c - 4*h + 117 = 0. What are the prime factors of c?
5
Suppose 4*h - 217 - 33 = -3*f, 0 = 3*h + 3*f - 186. What are the prime factors of h?
2
Let m(v) = 2*v**3 - 5*v**2 - 5*v + 14. Let i(f) = -f**3 + 3*f**2 + 2*f - 7. Let u(a) = -7*i(a) - 3*m(a). List the prime factors of u(6).
13
Let s = -11 + -4. Let l = s + 30. List the prime factors of l.
3, 5
Let j = 80 + -115. List the prime factors of 27/5 + 14/j.
5
Let a(y) = y + 6. Let p be a(-6). Suppose 2*t - t + 6 = p. List the prime factors of 8/t*(-18)/4.
2, 3
Let j = 5 - 4. List the prime factors of (j/(-3))/((-4)/228).
19
Suppose 0 = 4*a - q + 34, 10 = 5*q - 0*q. Suppose 7*j - 2*j - 10 = 0. Let k = j - a. List the prime factors of k.
2, 5
Let f(p) = p**2 - 2*p - 10. What are the prime factors of f(7)?
5
Let s = -20 - -25. What are the prime factors of s?
5
Let b(z) = 4*z - 14. Let x be b(6). Let r(v) = 4*v + 8. What are the prime factors of r(x)?
2, 3
Suppose -3*q + 7*q - 40 = -5*m, -5*q + 3*m + 13 = 0. List the prime factors of q.
5
Let c be (5 + 1)/(12/8). Suppose 4*g - 16 = -3*q + 2*g, 0 = c*q + 2*g - 20. Suppose 0*z - q*z = -48. What are the prime factors of z?
2, 3
Let l(r) = 2*r - 2. Let t be l(2). Suppose -3*u + 12 = -2*u - 5*d, 0 = t*d + 4. Suppose h + 11 = 2*h + 3*z, 5*h = u*z + 55. List the prime factors of h.
11
Suppose -3*i - 4*x + 129 = 0, 2*x = 4*i - 212 + 18. What are the prime factors of i?
47
Let f be (-1 - 1)*(-27)/6. Suppose -2*j + 14 = -2*u, -4*j + 5*u - f = -41. Let y(o) = -o**3 + 5*o**2 - 4*o - 1. List the prime factors of y(j).
5
List the prime factors of (-1)/2*2*-7.
7
Suppose -134 - 82 = -2*c. List the prime factors of c.
2, 3
List the prime factors of (-1)/3 - 136/(-3).
3, 5
Suppose -4*v + 4*m + 432 = 0, -2*v - 5*m - 207 = -4*v. List the prime factors of v.
3, 37
Let i(b) = -b**3 + 5*b**2 + 6*b + 3. Let v be i(6). Let u(k) = 0*k**2 + 3*k**3 - k**v - 2*k - 2*k**2. What are the prime factors of u(2)?
2
Let l(b) = 2*b**2 - 3*b - 2. Suppose 4*r = -3*r + 21. What are the prime factors of l(r)?
7
List the prime factors of 3 + 3*(-124)/(-6).
5, 13
Let b(t) = 22*t - 3. What are the prime factors of b(2)?
41
Let j be (16/6)/((-4)/42). Let w = j - -46. What are the prime factors of w?
2, 3
Let o = 82 + -24. What are the prime factors of o?
2, 29
Let f be (-1)/(1/74) + 0. Let h = -47 - f. List the prime factors of h.
3
Let c(w) = -w**2 + 5*w - 4. Let y be c(4). Suppose y = -2*x + 3 + 1. Suppose 0 = -d - 3*d + x*z + 48, 4*d + z - 36 = 0. What are the prime factors of d?
2, 5
Let c(k) be the second derivative of k**4/12 - 2*k**3/3 + k**2 + 3*k. Let v be c(4). What are the prime factors of 1/(-3 + v)*-6?
2, 3
Let m(j) = 9*j**2 - j. Suppose 0 = -s - 0 + 1. What are the prime factors of m(s)?
2
What are the prime factors of (-4)/(-3)*441/6?
2, 7
List the prime factors of (-12)/(-4)*(-58)/(-6).
29
Suppose 0*w - 78 = -w. Suppose -w + 8 = -5*c. Suppose 8*m + 2*q = 3*m + 22, -q + c = 3*m. What are the prime factors of m?
2, 3
Suppose -2*n - 3*n + 2*x + 5 = 0, -x - 7 = -4*n. Let m be (0 + 9)*1/3. Suppose -13 = -h - s, -32 = -m*h + n*s + s. List the prime factors of h.
2, 3
Suppose -2*n + n = -3. Let h be ((-6)/2)/n*-3. Suppose r + 3*u = 2*r + 5, -h*r - 5*u = -27. What are the prime factors of r?
2
Let z = 39 + -6. What are the prime factors of z?
3, 11
Let r be 80/15*30/8. What are the prime factors of -1*136/r*-5?
2, 17
Suppose -7*n = -2*n. Suppose n*h - h = -10. List the prime factors of h.
2, 5
Let r = 23 + -20. List the prime factors of r.
3
Let d be 2 - (-4)/(-8)*2. Suppose 7*t = -4*f + 4*t + 6, f - d = -t. List the prime factors of f.
3
Suppose 2*i = 3*i - 5. Suppose -i*s = -14 - 21. Suppose -4*l = -s*l + 33. List the prime factors of l.
11
Let d(l) = l**2 - 4*l + 2. Let f be d(4). Suppose f + 6 = m. List the prime factors of m.
2
Let u = 321 - 186. List the prime factors of u.
3, 5
What are the prime factors of 45*3*4/18?
2, 3, 5
Let i = -76 - -115. List the prime factors of i.
3, 13
List the prime factors of (116/6)/(8/(-60)*-5).
29
List the prime factors of -2 - (-2 - -278)/(-4).
67
Suppose -h = 6*h - 210. List the prime factors of h.
2, 3, 5
Suppose -5*h - 1 + 6 = 0. Suppose n - h - 3 = 0. List the prime factors of n.
2
Let h(c) = -c**2 - 3*c + 1. Let b be h(2). Let v = b - -7. Let a(z) = -2*z - 1. List the prime factors of a(v).
3
What are the prime factors of 29*(-1 - 6/(-3))?
29
Let m = 11 + -9. What are the prime factors of m/3*738/12?
41
Let v(y) = -y**3 - 2*y**2 + 4*y - 6. List the prime factors of v(-6).
2, 3, 19
Let x = 1211 + -841. List the prime factors of x.
2, 5, 37
Suppose 0 = 11*y - 10*y - 115. What are the prime factors of y?
5, 23
Suppose u - 7 = -3. What are the prime factors of u?
2
Suppose 3*m - 105 = -h, 0*m + m - 48 = 4*h. Suppose 2*l = -2*l - m. List the prime factors of 172/36 - 2/l.
5
Suppose 0 = w + 2*w - 129. Let l = -31 + w. List the prime factors of l.
2, 3
Suppose 3*d = 3*q - 15, -2*d + 20 = -6*d. Suppose 5*y + 39 - 144 = q. What are the prime factors of y?
3, 7
Suppose -3*c + 4*t - 79 = -8*c, -4*c = 5*t - 65. List the prime factors of 40/12*c/2.
5
Let n(z) = 13*z**2 - 2*z + 1. Let l(m) = 0*m - 5*m - 3 + 3*m. Let v be l(-2). List the prime factors of n(v).
2, 3
Let k = 8 + -13. What are the prime factors of (-2)/10 + (-66)/k?
13
Let j = -3 + -9. Let h be (2/(-3))/(j/90). Suppose 3*b = -g, -2 = -3*g + g - h*b. What are the prime factors of g?
2, 3
Suppose l - 3*l + 74 = 0. List the prime factors of l.
37
List the prime factors of (-40)/(4/4)*-1.
2, 5
Suppose 0 = n - 0*n - 13. Suppose -4*j - 1 = -n. Suppose 3*k - 34 = 4*p, k + 2*p - j*p = 11. List the prime factors of k.
2, 5
Suppose 2*x + 960 = 7*x. List the prime factors of x.
2, 3
Let x(p) = 1 + p + 1 - 2. Let q be x(13). Let b = q - 3. List the prime factors of b.
2, 5
Suppose 2*o = 3*j - 18, -2*j + 15 = -5*o - 8. Let m = 8 + j. List the prime factors of m.
2, 3
Let z be (13 + 1)/((-3)/(-42)). Let d be z/8 - (-1)/(-2). Let r = -13 + d. What are the prime factors of r?
11
Let n(s) = 7*s**2 + 4*s + 2. Let v be n(-4). Suppose -r + 3*u + 22 = u, -v = -5*r + 4*u. List the prime factors of r.
2, 3
What are the prime factors of 11/(-3 + 16/5)?
5, 11
Let h(i) = 2*i - 7. Let v be h(6). Suppose r - 35 = -5*q, -v*q + 31 = 2*r - 9. What are the prime factors of q?
2, 3
Suppose -5*o - 20 = 0, -4*z - o - 20 = 4. Let v(k) = 2*k**2 + 5*k - 5. What are the prime factors of v(z)?
2, 5
Suppose 4*m = 50 + 6. List the prime factors of m.
2, 7
Let g = -9 + 5. Let f be g/26 - (-6)/39. Let u(a) = a**2 + a + 9. List the prime factors of u(f).
3
Let v(j) = j**2 - 8*j - 9. Let y be v(9). Let g = y + 18. What are the prime factors of g?
2, 3
Let v(k) = -k**3 - 7*k**2 - 7*k - 2. Let h be v(-6). Suppose 5*z + h = 49. What are the prime factors of z?
3
Let l(o) = -o**3 - 5*o**2 - 5*o + 1. Let t be l(-4). Suppose 0 = -2*m + t*g + 43, -68 = -4*m + 2*g + 2*g. What are the prime factors of m?
2, 7
Let a be (-1*(4 + -2))/(-1). Let g be 1 + (-4)/(-2) + -3. Suppose -o + l + 14 = g, -5 = a*o + 2*l - 25. List the prime factors of o.
2, 3
Suppose -c + 1 = -0*c. Suppose s - 4*t = -c, 3*s + t - 63 + 1 = 0. List the prime factors of s.
19
Let o(a) = 10*a - 8. What are the prime factors of o(15)?
2, 71
Suppose m + 0 + 6 = q, -14 = 3*q + 5*m. Suppose 3*g - 84 = 4*s, 2*g + 3*s = q*s + 45. What are the prime factors of g/(-3*1/(-2))?
2
Suppose 277 = 3*c + 52. Suppose 11*w - 14*w + c = 0. List the prime factors of w.
5
Suppose -s + 25 = 4*s. Suppose -2*l + l + 12 = x, s*x = -2*l + 36. What are the prime factors of l?
2
Let g = 12 - 6. List the prime factors of g*(-9)/30*-5.
3
Let i be 2/4*0/3. List the prime factors o